{"id":145,"date":"2016-02-22T20:14:02","date_gmt":"2016-02-22T18:14:02","guid":{"rendered":"http:\/\/www.commont.cz\/?page_id=145"},"modified":"2016-02-22T20:14:02","modified_gmt":"2016-02-22T18:14:02","slug":"protikorozni-ochrana","status":"publish","type":"page","link":"https:\/\/www.commont.cz\/?page_id=145","title":{"rendered":"Protikorozn\u00ed ochrana"},"content":{"rendered":"<h1>Prov\u00e1d\u00edme :<\/h1>\n<div>\n<ul>\n<li>vnit\u0159n\u00ed trysk\u00e1n\u00ed pl\u00e1\u0161\u0165\u016f n\u00e1dr\u017e\u00ed a z\u00e1sobn\u00edk\u016f<\/li>\n<li>vn\u011bj\u0161\u00ed trysk\u00e1n\u00ed potrub\u00ed a ocelov\u00fdch konstrukc\u00ed<\/li>\n<li>trysk\u00e1n\u00ed beton\u016f<\/li>\n<li>n\u00e1t\u011bry potrub\u00ed a potrubn\u00edch sou\u010d\u00e1st\u00ed<\/li>\n<li>n\u00e1t\u011bry ocelov\u00fdch konstrukc\u00ed a potrubn\u00edho ulo\u017een\u00ed<\/li>\n<li>n\u00e1t\u011bry n\u00e1dr\u017e\u00ed a technologick\u00fdch za\u0159\u00edzen\u00ed<\/li>\n<\/ul>\n<\/div>\n<p>Dle dohody lze prov\u00e9st, pro nav\u00fd\u0161en\u00ed protikorozn\u00ed ochrany,\u017e\u00e1rov\u00e9 pokoven\u00ed (metalizaci)<\/p>\n","protected":false},"excerpt":{"rendered":"<p>Prov\u00e1d\u00edme : vnit\u0159n\u00ed trysk\u00e1n\u00ed pl\u00e1\u0161\u0165\u016f n\u00e1dr\u017e\u00ed a z\u00e1sobn\u00edk\u016f vn\u011bj\u0161\u00ed trysk\u00e1n\u00ed potrub\u00ed a ocelov\u00fdch konstrukc\u00ed trysk\u00e1n\u00ed beton\u016f n\u00e1t\u011bry potrub\u00ed a potrubn\u00edch sou\u010d\u00e1st\u00ed n\u00e1t\u011bry ocelov\u00fdch konstrukc\u00ed a potrubn\u00edho ulo\u017een\u00ed n\u00e1t\u011bry n\u00e1dr\u017e\u00ed a technologick\u00fdch za\u0159\u00edzen\u00ed Dle dohody lze prov\u00e9st, pro nav\u00fd\u0161en\u00ed protikorozn\u00ed ochrany,\u017e\u00e1rov\u00e9 pokoven\u00ed (metalizaci)<\/p>\n","protected":false},"author":1,"featured_media":0,"parent":0,"menu_order":1,"comment_status":"closed","ping_status":"closed","template":"","meta":{"ngg_post_thumbnail":0},"_links":{"self":[{"href":"https:\/\/www.commont.cz\/index.php?rest_route=\/wp\/v2\/pages\/145"}],"collection":[{"href":"https:\/\/www.commont.cz\/index.php?rest_route=\/wp\/v2\/pages"}],"about":[{"href":"https:\/\/www.commont.cz\/index.php?rest_route=\/wp\/v2\/types\/page"}],"author":[{"embeddable":true,"href":"https:\/\/www.commont.cz\/index.php?rest_route=\/wp\/v2\/users\/1"}],"replies":[{"embeddable":true,"href":"https:\/\/www.commont.cz\/index.php?rest_route=%2Fwp%2Fv2%2Fcomments&post=145"}],"version-history":[{"count":1,"href":"https:\/\/www.commont.cz\/index.php?rest_route=\/wp\/v2\/pages\/145\/revisions"}],"predecessor-version":[{"id":146,"href":"https:\/\/www.commont.cz\/index.php?rest_route=\/wp\/v2\/pages\/145\/revisions\/146"}],"wp:attachment":[{"href":"https:\/\/www.commont.cz\/index.php?rest_route=%2Fwp%2Fv2%2Fmedia&parent=145"}],"curies":[{"name":"wp","href":"https:\/\/api.w.org\/{rel}","templated":true}]}}